23
What is the highest common factor of 1356 and 3912?
12
What is the greatest common factor of 2530 and 308?
22
Calculate the greatest common factor of 112 and 2324112.
112
Calculate the highest common divisor of 6945 and 1257.
3
What is the greatest common divisor of 375 and 165690?
15
What is the greatest common divisor of 192 and 563808?
96
What is the highest common divisor of 275 and 5929?
11
What is the greatest common divisor of 426 and 19312?
142
What is the greatest common factor of 6048 and 7287?
21
What is the greatest common divisor of 436 and 149984?
436
Calculate the greatest common divisor of 111922 and 642.
214
Calculate the greatest common factor of 4704 and 30135.
147
What is the greatest common divisor of 374 and 90491?
17
Calculate the greatest common divisor of 1053 and 528645.
39
Calculate the highest common factor of 2907730 and 175.
35
Calculate the greatest common factor of 1269 and 179280.
27
Calculate the greatest common divisor of 3453312 and 69.
69
What is the highest common factor of 25 and 341050?
25
What is the highest common factor of 214035 and 95?
95
Calculate the highest common factor of 64214 and 970.
194
What is the greatest common factor of 8638 and 3066?
14
What is the greatest common factor of 9 and 7690?
1
What is the greatest common factor of 141 and 58139?
47
What is the greatest common factor of 377 and 8684?
13
What is the highest common divisor of 108 and 82998?
54
Calculate the highest common factor of 750 and 488850.
150
What is the greatest common divisor of 680 and 81260?
340
Calculate the highest common divisor of 3454 and 2662.
22
What is the highest common divisor of 1002 and 334?
334
Calculate the highest common factor of 88 and 13332.
44
What is the highest common factor of 2314 and 2171?
13
Calculate the greatest common factor of 86469 and 38.
19
Calculate the highest common factor of 75587 and 8655.
577
Calculate the highest common factor of 145230 and 8178.
282
What is the greatest common factor of 148 and 74407?
37
Calculate the greatest common divisor of 553 and 37051.
553
Calculate the greatest common divisor of 6549 and 114.
3
What is the greatest common divisor of 88031 and 47?
47
What is the highest common divisor of 4445 and 70?
35
What is the highest common factor of 10 and 81610?
10
What is the greatest common factor of 61692 and 6784?
212
What is the greatest common factor of 1288 and 31234?
322
Calculate the greatest common factor of 1729 and 1456.
91
What is the greatest common divisor of 5 and 432265?
5
What is the greatest common divisor of 13720 and 87710?
490
Calculate the greatest common divisor of 14127314 and 118.
118
What is the highest common factor of 1207 and 3281?
17
Calculate the greatest common factor of 672 and 228.
12
What is the highest common divisor of 14718 and 12?
6
What is the highest common factor of 785 and 21823?
157
Calculate the highest common factor of 4368 and 147.
21
What is the highest common factor of 9 and 17109?
9
What is the greatest common factor of 205710 and 195?
15
Calculate the greatest common factor of 406 and 572.
2
Calculate the greatest common divisor of 139650 and 30.
30
What is the greatest common divisor of 7299 and 60?
3
Calculate the highest common divisor of 154463 and 913.
83
Calculate the highest common factor of 103 and 78589.
103
What is the highest common factor of 741 and 1443?
39
What is the highest common divisor of 56 and 93331?
7
Calculate the greatest common factor of 22 and 506242.
22
Calculate the highest common divisor of 25099 and 1881.
19
Calculate the greatest common divisor of 7 and 1238881.
7
Calculate the highest common divisor of 123 and 76137.
123
Calculate the highest common divisor of 7743 and 801.
267
What is the highest common divisor of 44880 and 2080?
80
What is the highest common factor of 493920 and 588?
588
Calculate the greatest common divisor of 430 and 218655.
215
Calculate the highest common divisor of 363 and 12144.
33
Calculate the highest common divisor of 43424 and 1534.
118
What is the greatest common divisor of 693 and 15267?
21
Calculate the highest common factor of 3306 and 456779.
551
What is the highest common factor of 159416 and 296?
8
Calculate the highest common factor of 4310 and 170.
10
Calculate the greatest common factor of 54904 and 26.
2
What is the greatest common factor of 1013748 and 46?
46
What is the greatest common divisor of 12650 and 2750?
550
Calculate the greatest common factor of 835707 and 141.
141
Calculate the highest common divisor of 732 and 73688.
244
What is the highest common divisor of 50274 and 1710?
342
What is the greatest common factor of 81 and 918?
27
What is the highest common divisor of 55 and 3807155?
55
What is the highest common factor of 280740 and 3?
3
Calculate the highest common factor of 84 and 32626.
2
Calculate the greatest common factor of 3431 and 55272.
47
What is the highest common factor of 54050 and 1880?
470
What is the greatest common divisor of 156461 and 117749?
1613
What is the highest common factor of 17050 and 385?
55
What is the greatest common divisor of 1272 and 433540?
212
Calculate the highest common factor of 137488 and 1976.
104
What is the highest common divisor of 56 and 117488?
56
What is the highest common divisor of 5841 and 10679?
59
What is the greatest common divisor of 27455 and 437665?
1615
What is the greatest common divisor of 30 and 61340?
10
Calculate the greatest common divisor of 30 and 63890.
10
Calculate the greatest common factor of 234 and 986895.
117
Calculate the highest common divisor of 52 and 68042.
26
Calculate the greatest common factor of 40503 and 1.
1
What is the greatest common divisor of 825 and 1277265?
165
What is the greatest common divisor of 458 and 3469579?
229
What is the highest common divisor of 110 and 3065315?
55
What is the greatest common factor of 6 and 167260?
2
Calculate the greatest common factor of 30 and 959136.
6
Calculate the greatest common divisor of 134972 and 328.
164
What is the highest common factor of 50 and 20593750?
50
What is the highest common factor of 299 and 5954?
13
Calculate the highest common factor of 1592 and 72237.
199
Calculate the greatest common factor of 532 and 33136.
76
What is the greatest common divisor of 51 and 43486?
17
What is the greatest common divisor of 43529 and 323?
19
What is the greatest common factor of 65 and 211510?
65
What is the greatest common factor of 242 and 310222?
22
What is the greatest common divisor of 10 and 184130?
10
What is the greatest common factor of 910518 and 2394?
798
Calculate the highest common divisor of 2669177 and 329.
329
What is the highest common factor of 8 and 29372?
4
What is the highest common factor of 173880 and 14280?
840
Calculate the highest common divisor of 459 and 67422.
51
What is the greatest common factor of 248 and 68896?
8
Calculate the greatest common divisor of 571162 and 823.
823
What is the greatest common factor of 293680 and 80?
80
Calculate the highest common divisor of 48 and 376624.
16
What is the greatest common factor of 3 and 15556?
1
What is the highest common factor of 70907 and 301?
43
What is the highest common factor of 1157 and 33189?
13
Calculate the highest common divisor of 28584 and 216.
72
Calculate the greatest common factor of 981281 and 6805.
1361
Calculate the greatest common factor of 469 and 7638.
67
What is the highest common divisor of 13 and 3932357?
13
Calculate the highest common divisor of 230753 and 545.
109
What is the greatest common factor of 5252 and 13676?
52
What is the greatest common factor of 3036 and 18561?
69
What is the greatest common factor of 21349872 and 438?
438
Calculate the highest common divisor of 234990 and 4410.
630
What is the highest common divisor of 4008 and 19464?
24
What is the greatest common divisor of 28324 and 8730?
194
What is the highest common divisor of 903 and 427?
7
What is the highest common divisor of 207404 and 684?
76
Calculate the highest common divisor of 6055 and 149645.
865
What is the highest common divisor of 393623 and 19?
19
Calculate the highest common factor of 152413 and 1.
1
What is the greatest common divisor of 121440 and 495?
165
Calculate the greatest common divisor of 1142 a